98 and 29146.
26
What is the greatest common factor of 1110 and 12333210?
1110
Calculate the highest common divisor of 6840 and 462555.
855
What is the highest common divisor of 2663822 and 14?
14
Calculate the highest common divisor of 21936042 and 1998.
1998
Calculate the greatest common factor of 61376 and 9408.
448
What is the highest common factor of 1380203 and 11?
11
Calculate the greatest common factor of 74816 and 448.
448
What is the highest common factor of 64 and 162144?
32
What is the highest common factor of 381838 and 710?
142
Calculate the greatest common divisor of 22 and 9537.
11
What is the highest common divisor of 127 and 148717?
127
Calculate the highest common factor of 20566 and 2912.
182
Calculate the highest common factor of 129809 and 271.
271
What is the highest common factor of 72 and 1527?
3
What is the greatest common factor of 46 and 35443?
23
Calculate the greatest common divisor of 119015 and 52.
13
What is the greatest common divisor of 1647 and 76799?
61
Calculate the greatest common divisor of 5436878 and 1086.
362
What is the greatest common divisor of 2829 and 1290967?
943
Calculate the greatest common factor of 290 and 419775.
145
Calculate the greatest common divisor of 121473 and 54.
27
What is the highest common factor of 40525 and 25?
25
Calculate the greatest common factor of 2561 and 1573.
13
Calculate the greatest common factor of 15 and 951.
3
What is the highest common divisor of 7633 and 2159?
17
Calculate the highest common factor of 1046157 and 3255.
651
Calculate the highest common factor of 184968 and 1400.
56
What is the greatest common factor of 29638 and 13195?
203
What is the greatest common factor of 600760 and 3496?
184
Calculate the highest common divisor of 882 and 31698.
18
What is the highest common factor of 39305 and 1295?
35
What is the greatest common factor of 216199 and 33373?
1451
Calculate the highest common divisor of 2072 and 23800.
56
Calculate the highest common factor of 198025 and 75.
25
Calculate the greatest common factor of 1580 and 12580.
20
Calculate the greatest common divisor of 95160 and 12120.
120
Calculate the highest common divisor of 32857 and 1943.
29
Calculate the highest common divisor of 54 and 2038986.
54
What is the highest common divisor of 30336 and 1580?
316
Calculate the highest common divisor of 35343 and 4131.
459
What is the greatest common factor of 80585 and 6356?
227
Calculate the highest common divisor of 117 and 89193.
39
What is the greatest common factor of 33415 and 10250?
205
What is the highest common factor of 36 and 58329?
9
Calculate the highest common factor of 82 and 241326.
82
What is the greatest common divisor of 3675 and 100?
25
Calculate the highest common divisor of 698 and 186.
2
What is the highest common divisor of 580 and 14780?
20
What is the greatest common factor of 4035 and 386553?
807
What is the greatest common divisor of 2187 and 422820?
729
Calculate the highest common factor of 1375 and 62975.
275
Calculate the highest common divisor of 39201 and 2148.
537
Calculate the highest common factor of 65994 and 102.
102
What is the highest common divisor of 910 and 258895?
455
What is the highest common divisor of 7 and 23583?
7
Calculate the highest common factor of 3464259 and 3.
3
Calculate the highest common divisor of 1008 and 570276.
252
Calculate the greatest common factor of 23366 and 4312.
14
What is the highest common factor of 8481 and 528?
33
What is the greatest common factor of 359050 and 100?
50
Calculate the greatest common factor of 67984 and 4592.
112
What is the greatest common factor of 263109 and 10659?
561
What is the highest common factor of 6948 and 828?
36
What is the greatest common divisor of 1153607 and 3822?
637
What is the highest common factor of 669505 and 1371?
457
Calculate the highest common factor of 47503 and 67.
67
Calculate the highest common divisor of 228 and 83999.
19
Calculate the greatest common factor of 31 and 189503.
31
What is the highest common divisor of 21405 and 165?
15
Calculate the greatest common divisor of 111832 and 5908.
28
Calculate the greatest common factor of 362240 and 30.
10
What is the greatest common factor of 2327555 and 51?
17
Calculate the highest common divisor of 508 and 19.
1
Calculate the highest common factor of 1729 and 8512.
133
What is the highest common factor of 44 and 31856?
44
Calculate the highest common divisor of 262 and 18244.
2
What is the highest common factor of 7832 and 814?
22
What is the highest common factor of 3080 and 910?
70
What is the greatest common factor of 8957 and 61321?
689
Calculate the greatest common divisor of 198436 and 1119.
373
Calculate the highest common divisor of 5840 and 13280.
80
What is the highest common factor of 2720 and 11360?
160
Calculate the greatest common factor of 2079 and 113454.
297
Calculate the greatest common factor of 3 and 17923.
1
What is the greatest common factor of 431547 and 201?
201
What is the greatest common divisor of 410 and 28495?
205
What is the greatest common factor of 36 and 5032932?
12
Calculate the greatest common divisor of 4284 and 1540.
28
What is the greatest common factor of 30 and 264210?
30
What is the greatest common divisor of 6688 and 11077?
209
Calculate the greatest common divisor of 1936499 and 38.
19
Calculate the greatest common factor of 4753 and 524867.
679
What is the greatest common divisor of 58 and 22910?
58
What is the highest common factor of 72 and 14136?
24
What is the highest common factor of 29 and 180293?
29
What is the greatest common factor of 2110 and 20085?
5
Calculate the highest common factor of 4574075 and 275.
275
What is the highest common divisor of 1697969 and 141?
47
What is the greatest common factor of 8333 and 585?
13
What is the greatest common divisor of 10 and 12195?
5
Calculate the greatest common divisor of 535613 and 91.
13
Calculate the highest common factor of 5203492 and 152.
76
What is the greatest common factor of 360043 and 527?
17
Calculate the greatest common factor of 10384 and 2772.
44
Calculate the highest common factor of 15148 and 1092.
28
What is the greatest common divisor of 464474 and 272?
34
Calculate the greatest common divisor of 624904 and 28.
28
Calculate the greatest common factor of 6949956 and 13.
13
What is the greatest common factor of 3842 and 2822?
34
Calculate the highest common factor of 384 and 13694592.
384
Calculate the highest common factor of 2275 and 70.
35
Calculate the highest common factor of 566 and 310451.
283
What is the greatest common divisor of 59271 and 138?
69
What is the highest common factor of 5964 and 284?
284
What is the highest common divisor of 740 and 95090?
370
Calculate the highest common factor of 219 and 34748.
73
Calculate the highest common factor of 384 and 51.
3
Calculate the greatest common divisor of 432 and 2604816.
144
Calculate the highest common factor of 3192 and 129048.
456
What is the greatest common factor of 220 and 42130?
110
Calculate the highest common divisor of 3996 and 24.
12
Calculate the highest common divisor of 7060 and 4805.
5
Calculate the greatest common factor of 16796 and 532.
76
Calculate the highest common divisor of 240372 and 2772.
396
What is the highest common divisor of 20 and 189220?
20
What is the greatest common divisor of 28116 and 5538?
426
What is the greatest common divisor of 169 and 9087637?
169
What is the highest common factor of 6920094 and 6?
6
Calculate the greatest common factor of 21170 and 250.
10
Calculate the greatest common factor of 11066 and 2773542.
1006
Calculate the highest common factor of 200 and 955.
5
What is the highest common divisor of 34 and 2335358?
34
What is the greatest common factor of 550 and 286?
22
What is the highest common divisor of 110 and 1434224?
22
Calculate the greatest common factor of 91131 and 222.
111
What is the greatest common factor of 3630 and 1353?
33
Calculate the greatest common factor of 18236 and 2813.
97
What is the greatest common divisor of 21 and 1394463?
21
Calculate the highest common factor of 286 and 106392.
286
What is the greatest common factor of 44499 and 2184?
273
Calculate the greatest common divisor of 32 and 233272.
8
What is the greatest comm